341 and m?
11
Suppose 0 = -5*x - 17*y + 16*y + 439, -4*y - 180 = -2*x. Calculate the highest common divisor of 2552 and x.
88
Let k be 22/(-33) - (-512)/3. Let o = k - 92. Calculate the greatest common divisor of 13 and o.
13
Let f = 70 + -55. What is the highest common divisor of 12 and f?
3
Let k(c) = c**2 + 26*c - 18. Let t be k(9). Calculate the highest common factor of 27 and t.
27
Let i(o) = 5*o**2 + 40. Let d be i(-7). Calculate the greatest common divisor of d and 475.
95
Suppose -11 = 2*v - 7. Let m be 0 - (129/(-9))/(v/(-6)). What is the highest common factor of m and 473?
43
Suppose -35 = x + 5*s - 12, -s - 1 = 2*x. Let h be 12*5/4*x. Let q = 45 + -33. What is the greatest common factor of q and h?
6
Let i be (6 - -1)/(1/4). Let c(p) = 19*p**2 - 71*p - 188. Let h be c(-3). Calculate the greatest common factor of i and h.
28
Suppose 44 + 40 = 4*c. Suppose -3*f = 3*b - 12, -4*f - 16 = -5*f - 4*b. Suppose f*r - 126 = -6*r. What is the highest common divisor of c and r?
21
Let b(k) = k**2 + k + 6. Suppose t - 7 + 2 = 0. Let h be b(t). What is the greatest common divisor of 9 and h?
9
Let v(k) = 2*k**2 + 4*k - 4. Let p be v(-6). Let r(y) = y**2 + 11*y - 14. Let g be r(-12). Let a = 2 - g. What is the greatest common divisor of p and a?
4
Suppose 4*s + 2*u - 434 = 0, 0 = 5*s - 4*u + 7*u - 541. What is the greatest common factor of s and 20?
10
Let o(x) be the first derivative of x**4/4 + 2*x**3 - 9*x**2/2 + 3. Let c be o(-7). Calculate the greatest common divisor of 154 and c.
14
Let u(x) = -9*x**3 - x**2 - 9*x - 6. Let a be u(-2). What is the greatest common divisor of a and 110?
10
Suppose 4*q - 2 = q - r, -5*q - 4*r = 6. Let c be 820/70 - 5/((-35)/q). What is the greatest common factor of c and 48?
12
Suppose 2*x = -2*g + 10, -5*g - 19*x = -20*x - 25. Let r = -2 + 22. Suppose 11 = 3*o - 2*t, r = -3*o - 4*t + 7. What is the greatest common divisor of g and o?
1
Suppose 7 = 2*s - 5. Let d be 8/28 + 4/(-14). Suppose 162 = 3*n + 2*m - m, -n + 5*m + 54 = d. What is the greatest common divisor of s and n?
6
Let t = -400 - -533. What is the highest common factor of 21 and t?
7
Let r be ((-11)/(-22))/(1/2)*510. What is the greatest common factor of 60 and r?
30
Let g be -2 + 71 + 3/1. Suppose 2*x = -4*l + 56, 6*x - 3*l = 2*x + 68. Let v = x + -11. Calculate the highest common divisor of v and g.
9
Let v(h) be the first derivative of 1/3*h**3 - 4*h + 13 - h**2. Let t be v(4). What is the highest common factor of 2 and t?
2
Let i = 671 + -499. Calculate the greatest common divisor of 258 and i.
86
Suppose 5*k - x - 593 = 0, 5*x - 367 = 2*k - 5*k. Suppose -124*d + k*d + 40 = 0. Calculate the highest common divisor of 72 and d.
8
Let h = -35 + 56. Let i(v) = -v**2 - 2*v + 3. Let r be i(-3). Suppose -a + 23 + 19 = r. What is the highest common factor of a and h?
21
Suppose -7*s + 3*s = -i - 52, -2*i = -4*s + 48. Suppose -2*b + 309 = -o, b + 3*o + 311 = 3*b. What is the greatest common factor of b and s?
14
Let m be (15 - 2/2) + -2. Let k(l) = 18*l**3 - l + 2. Let p be k(1). Let o = 17 + p. What is the greatest common factor of m and o?
12
Suppose 2*g - 17 + 1 = -z, -5*z + 80 = -2*g. Let a = 210 + -114. What is the greatest common divisor of z and a?
16
Let n(f) = -206*f**2 - f**3 + 0*f**3 + 112*f**2 + 101*f**2 - 3*f + 22. Let t be n(7). What is the highest common divisor of 5 and t?
1
Suppose 2*t = 3*t - 2. Let s = -16 + 7. Let w be (s/5)/(12/(-40)). Calculate the highest common factor of w and t.
2
Suppose 0 = 2*q + 4*q - 408. Calculate the highest common factor of q and 238.
34
Let l = 4 + 0. Suppose -80 = -0*o - l*o. Let x be (2 - 222/21)/(8/(-56)). Calculate the highest common factor of x and o.
20
Let c = -821 - -839. Calculate the greatest common factor of c and 378.
18
Suppose -3*d = 6*n - n - 88, -n + 20 = 3*d. Let l(k) = 6*k - 7. Let p be l(4). Calculate the highest common factor of n and p.
17
Let a = -71 + 73. What is the highest common factor of 16 and a?
2
Let s be (2*3/10)/(3870/70950). Let z = 23 + 21. What is the highest common divisor of z and s?
11
Let y be (6 - (-35)/(-5))/((-2)/22). Let b = 3 + 52. Calculate the greatest common factor of b and y.
11
Let l be 0/((-3 - -3) + 1). Suppose -2*f = -2*y - 2, 4*y - 3*f + 4 + 0 = l. Let z be (y/2)/(7/(-42)). What is the highest common factor of z and 3?
3
Suppose 19 = f - 1. Let c = 2 + 24. Let h = c + -18. Calculate the highest common factor of h and f.
4
Let m = 1568 - 1484. What is the greatest common factor of 308 and m?
28
Suppose a - 8 = -31*y + 28*y, 5*y = 4*a - 100. Calculate the highest common divisor of a and 50.
10
Suppose -g - 4*c = -164, -c - 478 = -3*g - 6*c. Let z = -127 + g. Calculate the highest common divisor of 174 and z.
29
Let d(n) = 13*n**2 + 3*n - 2. Suppose -x = -5, 4*s - 29 = -3*x - 2*x. Let z be d(s). Let j = z + -11. Calculate the greatest common divisor of j and 6.
3
Let v(w) = -w**3 + 12*w**2 + 38*w - 302. Let z be v(13). Suppose -132 = -5*l + 443. Calculate the greatest common divisor of l and z.
23
Let h be 20/(-4) - -14 - 10/2. What is the greatest common factor of 11 and h?
1
Let c be 6/15 - (-13)/5. Suppose -5*v - c*j + 4 = -4, 3*v = 3*j. Suppose t - 6 = 2. Calculate the highest common factor of v and t.
1
Let l(n) = -n**3 + 9*n**2 - n - 13. Let t be l(10). Let j = -58 - t. Calculate the highest common factor of 26 and j.
13
Suppose -4*k - 204 = -2*s - 0*k, 0 = -5*s - k + 565. Let v = 224 - s. What is the greatest common factor of 7 and v?
7
Let j(l) = l**2 - l. Let z be j(-1). Let q = 9 + z. Let m(t) = 2*t**2 + 61*t - 44. Let p be m(-33). What is the highest common divisor of q and p?
11
Suppose -18*l + 25307 - 8027 = 0. What is the highest common factor of 40 and l?
40
Let q(f) = 112*f - 688. Let a be q(11). Calculate the highest common divisor of a and 340.
68
Let u(x) = 3*x**3 - 42*x**2 - 28*x + 51. Let h be u(17). Calculate the greatest common divisor of h and 17.
17
Let r(z) = -z**3 - 5*z**2 + 4*z - 7. Let v be r(-6). Suppose 0 = -3*m + v*k + 142, -3*m + 6*m + 2*k - 107 = 0. What is the greatest common divisor of m and 39?
39
Let x(i) = 9*i + 127. Let m be x(-12). What is the greatest common factor of m and 38?
19
Let l(w) = -w**3 - 9*w**2 - w + 2. Let z(h) = -h**2 + 13*h - 45. Let d be z(9). Let n be l(d). What is the highest common factor of n and 22?
11
Let z(h) = 3*h. Let o be -5*(-1)/((-10)/(-8)). Let k be z(o). Let f be 22/3 - 58/(-87). What is the greatest common factor of k and f?
4
Let q = 30 + -14. Let v be (64/14)/(8/28). Calculate the greatest common factor of q and v.
16
Let a(k) = 0*k**2 - 2*k**2 + 13 + 8*k + 3*k**2. Let q be a(-6). Let w(m) = m**3 + m**2 + 11. Let h be w(0). What is the greatest common divisor of h and q?
1
Let m = 123 - 79. Let u be 6/(2/m*3). Calculate the highest common factor of u and 11.
11
Let s = -99 + 150. What is the greatest common divisor of s and 85?
17
Let b(l) = -l**3 + 7*l**2 - 4*l - 9. Let c(a) = -a**2 + 9*a + 6. Let g be c(9). Let s be b(g). What is the highest common factor of s and 3?
3
Let k(d) = -d**3 + 5*d**2 + 3*d - 3. Suppose -2*u = u - 15. Let a be k(u). Suppose -5*i + 252 = a. Calculate the highest common factor of i and 120.
24
Suppose 6*i = 617 + 109. Suppose 2*u - 155 = -i. What is the greatest common factor of u and 17?
17
Let x = 41 - 31. Let s = 2 + x. What is the highest common divisor of s and 60?
12
Let i be (129/(-6) - -2)*(-40)/12. What is the highest common divisor of i and 13?
13
Let r = -713 - -728. What is the greatest common divisor of r and 125?
5
Let m(c) be the first derivative of -3*c + 4 + 0*c - c**2 - 4*c**2 + 8*c. Let o be m(-4). What is the highest common divisor of 9 and o?
9
Let w(m) = -6*m + 13. Let o(q) = -q**2 - q - 5. Let b be o(0). Let i be -2 - (-15)/b - 2. Let p be w(i). What is the highest common factor of 11 and p?
11
Let y(x) = -x**2 + 3*x. Let w be y(3). Let m(j) = -j**3 + 1. Let l be m(w). Let k = -9 + 16. Calculate the highest common divisor of k and l.
1
Suppose 1076 - 211 = 16*w - 5647. Let y be (4/(-2))/2 - -38. What is the greatest common factor of w and y?
37
Let j(f) = -9*f - 5 + 4 - 7 + 0*f. Let a be j(-8). What is the greatest common factor of 4 and a?
4
Let c be (-3)/15 + 63/15 + 2. Calculate the highest common factor of 66 and c.
6
Let m 